(-10).
11
Let q(h) = -2*h**3 + 28*h**2 - 4*h - 34. Give q(14).
-90
Let j(w) = -w**3 - 4*w**2 - 3*w - 6. Give j(-4).
6
Let c(n) = n**3 - 39*n**2 - 41*n - 2. Determine c(40).
-42
Let f(d) = -7*d + 19. What is f(8)?
-37
Let s(c) = c - 8. Give s(4).
-4
Let d(v) = v**3 + 9*v**2 + 9*v + 2. Determine d(-8).
-6
Let h(y) = y**3 + 3*y**2 - 8*y - 9. Determine h(-4).
7
Let u(p) = -81*p + 652. Give u(8).
4
Let p(a) = -a**3 + 7*a**2 - 12*a + 5. What is p(4)?
5
Let g(z) = 39*z + 151. What is g(-4)?
-5
Let n(p) = -p - 5. Determine n(-6).
1
Let p(t) = -4*t + 37. Determine p(8).
5
Let x(n) = -3*n - 35. Calculate x(-24).
37
Let y(v) = v**3 + 22*v**2 + 22*v + 25. Give y(-21).
4
Let l(i) = i**2 + 5*i + 9. Give l(-5).
9
Let g(t) = -t**2 + 11*t + 89. Calculate g(-5).
9
Let g(b) = b**2 + 13*b + 9. Give g(-12).
-3
Let k(h) = 11*h**2 - 8*h + 5. What is k(1)?
8
Let j(d) = 3*d**3 + 3*d**2 - 4*d - 8. Determine j(-3).
-50
Let u(i) = -i**3 + 8*i**2 - 13*i + 10. Determine u(6).
4
Let k(a) = -3*a + 6. Give k(-3).
15
Let b(o) = -3*o**2 + o + 2. Determine b(4).
-42
Let b(d) = -5*d + 13. Determine b(4).
-7
Let i(o) = -o**3 + 6*o**2 + 7*o - 8. Calculate i(6).
34
Let a(u) = u**3 - 15*u**2 - 11*u - 26. What is a(16)?
54
Let q(s) = -6*s - 28. Determine q(-4).
-4
Let o(y) = -y**3 - 2*y**2 - 3*y + 2. What is o(-3)?
20
Let t(n) = -5*n + 4. Give t(1).
-1
Let y(g) = 2*g**2 + 9*g - 16. What is y(-5)?
-11
Let o(b) = 3*b - 36. Determine o(0).
-36
Let s(x) = -50*x - 79. What is s(-2)?
21
Let y(t) = -2*t**2 - 20*t - 5. Calculate y(-11).
-27
Let p(l) = -l**3 - 5*l**2 - 3*l + 4. Calculate p(-3).
-5
Let m(j) = -2*j**2 - 5*j - 5. Calculate m(-2).
-3
Let w(v) = -v**3 - 7*v**2 - 9*v + 3. Give w(-5).
-2
Let o(z) = -z**3 + 16*z**2 + 2*z - 24. Give o(16).
8
Let b(o) = -o**2 - 43*o + 70. What is b(-44)?
26
Let b(r) = -r**2 - 6*r - 3. What is b(-7)?
-10
Let h(s) = s**2 + s + 11. Give h(6).
53
Let f(r) = -r**3 + 11*r**2 - 9*r - 6. What is f(10)?
4
Let c(a) = 7*a**2 + 28*a + 5. Determine c(-4).
5
Let r(z) = -z**2 + 38*z - 356. Calculate r(22).
-4
Let y(m) = m**2 - 7*m - 33. Calculate y(11).
11
Let c(i) = -i**2 + i. Calculate c(-5).
-30
Let h(f) = -f - 5. Give h(-12).
7
Let h(l) = -6*l + 49. Calculate h(7).
7
Let d(j) = -j + 3. Calculate d(4).
-1
Let b(r) = -3*r + 55. Determine b(18).
1
Let x(r) = -11*r**2 - 5*r - 4. Give x(-2).
-38
Let b(j) = -3*j**3 + 17*j**2 + 9*j - 12. Determine b(6).
6
Let y(h) = h**3 + 4*h**2 - 7*h - 6. Determine y(-6).
-36
Let o(w) = -6*w - 179. What is o(-29)?
-5
Let a(g) = g**3 - 10*g**2 + 7*g + 6. Calculate a(7).
-92
Let b(a) = -a - 4. Give b(-2).
-2
Let n(r) = -r**3 - 10*r**2 + 2*r + 7. Give n(-10).
-13
Let y(b) = -14*b - 17. Determine y(-7).
81
Let w(p) = -p**3 - 9*p**2 - 5*p + 26. What is w(-8)?
2
Let z(b) = -20*b - 6. What is z(-1)?
14
Let r(f) = -2*f**3 + 19*f**2 - 9*f - 2. Determine r(9).
-2
Let g(i) = 28*i + 7. What is g(5)?
147
Let y(u) = -2*u - 9. What is y(0)?
-9
Let c(a) = a**3 + 6*a**2 + 2*a - 2. Calculate c(-6).
-14
Let f(u) = -6*u + 22. Give f(7).
-20
Let c(m) = -m**3 + 23*m**2 + 26*m - 62. What is c(24)?
-14
Let v(k) = 6*k - 4. Calculate v(1).
2
Let i(f) = -7*f + 16. Calculate i(5).
-19
Let n(o) = -o**2 + 9*o + 29. Determine n(11).
7
Let v(u) = -u**3 + 7*u**2 - 6*u - 6. What is v(7)?
-48
Let i(c) = c**2 + 15*c + 34. Determine i(-11).
-10
Let n(f) = f**2 + 5*f + 6. What is n(-6)?
12
Let w(u) = -12*u + 2. Calculate w(-1).
14
Let k(x) = 2*x**3 + 4*x**2 + 11*x + 8. Calculate k(-2).
-14
Let f(l) = -l**3 - 8*l**2 - 2*l + 22. Determine f(-7).
-13
Let i(h) = h**2 - 14*h + 27. Calculate i(12).
3
Let i(p) = p**3 - 4*p**2 + 3*p - 4. What is i(3)?
-4
Let d(i) = -2*i**3 - 2*i**2 - 2. Give d(-2).
6
Let s(k) = k**2 - 11*k + 14. Give s(10).
4
Let v(h) = -3*h**2 - 47*h + 21. Give v(-16).
5
Let t(d) = d**3 - 3*d + 30. Determine t(0).
30
Let j(n) = -n**3 - 8*n**2 + 10*n - 3. Determine j(-9).
-12
Let b(l) = -l**2 + 9*l - 11. Determine b(7).
3
Let l(t) = -t**2 + 7*t - 12. Determine l(8).
-20
Let f(u) = 2*u**2 + 11*u - 371. Determine f(11).
-8
Let s(t) = t**3 + 73*t**2 + 76*t + 284. What is s(-72)?
-4
Let g(c) = 23*c - 134. Give g(7).
27
Let k(p) = p**2 - 13*p - 4. Calculate k(14).
10
Let g(r) = -r**3 + 8*r**2 - 9. Calculate g(8).
-9
Let u(c) = 28*c + 38. Give u(-2).
-18
Let u(n) = -6*n + 83. Give u(10).
23
Let k(h) = -3*h - 66. Give k(-24).
6
Let k(r) = r**2 + 17*r - 1. Calculate k(-17).
-1
Let j(f) = 22*f + 35. Calculate j(-7).
-119
Let a(x) = -x**2 - 5*x - 1. Calculate a(6).
-67
Let b(w) = -9*w - 18. Determine b(-3).
9
Let x(q) = -q**3 + 21*q**2 + 21*q + 33. Determine x(22).
11
Let w(d) = 3*d - 11. Calculate w(8).
13
Let d(l) = -8*l + 2. What is d(3)?
-22
Let h(y) = -4*y - 60. Determine h(-18).
12
Let f(a) = a**2 + 17*a - 57. Calculate f(-19).
-19
Let z(j) = -j**2 - 2*j - 6. What is z(-7)?
-41
Let i(v) = -v**3 + v**2 + 6. Give i(0).
6
Let h(c) = 10*c - 148. Give h(15).
2
Let l(w) = 8*w - 4. What is l(3)?
20
Let w(p) = p**3 + 26*p**2 + 4*p - 27. Determine w(-26).
-131
Let h(n) = -3*n - 5. Determine h(-11).
28
Let i(j) = j**3 + 6*j**2 - 2*j + 8. What is i(-7)?
-27
Let x(j) = -7*j - 19. Give x(10).
-89
Let l(v) = 2*v - 23. Determine l(13).
3
Let s(z) = -3*z**3 + 2*z**2 - z - 3. Give s(2).
-21
Let k(a) = -a**2 - 8*a - 10. Determine k(-7).
-3
Let w(l) = -l + 19. Determine w(27).
-8
Let d(x) = -28*x - 4. Give d(-1).
24
Let u(i) = -2*i**3 - 20*i**2 - 15*i + 14. What is u(-9)?
-13
Let j(k) = k**3 + 7*k**2 + 11*k + 12. Calculate j(-5).
7
Let r(w) = 11*w + 52. Calculate r(-5).
-3
Let u(g) = -16*g - 131. What is u(-8)?
-3
Let s(p) = 13*p - 78. Determine s(6).
0
Let l(m) = 17*m - 29. What is l(2)?
5
Let r(w) = -12*w**2 - 4*w - 4. Determine r(-1).
-12
Let x(g) = -g**3 + 46*g**2 - 88*g - 3. Calculate x(44).
-3
Let c(z) = -z**3 - 7*z**2 + 20*z + 13. What is c(-9)?
-5
Let n(c) = -c**3 + 5*c**2 - 5*c + 15. Give n(6).
-51
Let v(z) = -z**2 - 15*z - 18. Calculate v(-14).
-4
Let j(t) = t**3 + 6*t**2 + t - 3. Determine j(-6).
-9
Let g(c) = 5*c**2 - 6*c. Give g(3).
27
Let w(d) = d**3 + 12*d**2 + 11*d + 133. Determine w(-12).
1
Let d(p) = -4*p**3 - 4*p**2 - 3*p - 1. Determine d(-2).
21
Let d(w) = w**2 + 8*w + 17. What is d(-7)?
10
Let n(l) = 5*l**2 - 37*l + 6. Give n(8).
30
Let z(a) = a**2 - 33. Calculate z(0).
-33
Let g(w) = w**2 + 41*w - 12. What is g(-41)?
-12
Let z(m) = 6*m + 9. Calculate z(0).
9
Let p(b) = 15*b - 24. Give p(3).
21
Let d(v) = -25*v - 46. Give d(-2).
4
Let m(c) = -c**3 - 2*c**2 + c - 29. Calculate m(-4).
-1
Let f(b) = 8*b - 45. Give f(6).
3
Let q(b) = b**2 - b + 2. What is q(3)?
8
Let i(z) = -z**2 - 34*z - 183. What is i(-18)?
105
Let z(f) = 10*f - 14. Determine z(-3).
-44
Let p(f) = 2*f + 11. Give p(0).
11
Let m(x) = 7*x + 23. Determine m(-2).
9
Let h(c) = -2*c**2 - 5. What is h(-5)?
-55
Let y(c) = c + 15. Calculate y(-23).
-8
Let u(q) = -q**2 - 14*q - 16. What is u(-5)?
29
Let p(w) = 75*w - 1. Determine p(-1).
-76
Let q(x) = x**2 + 112*x + 1293. Determine q(-13).
6
Let v(f) = f**3 + 2*f**2 - f - 4. Calculate v(-4).
-32
Let v(o) = -3*o**2 - 38*o + 12. Determine v(-13).
-1
Let y(o) = -o**2 - 14*o + 4. Give y(-14).
4
Let g(z) = 23*z + 6. Calculate g(-2).
-40
Let i(w) = -w**2 + 15*w - 7. Determine i(19).
-83
Let g(y) = 20*y**2 + 1. Determine g(-1).
21
Let l(f) = -f**3 + 17*f + 1. Calculate l(-4).
-3
Let t(v) = -v**3 + 2*v**2 + 2*v - 6. Determine t(0).
-6
Let o(k) = k**2 - k. What is o(3)?
6
Let u(v) = -4*v**3 - 32*v**2 + v + 13. What is u(-8)?
5
Let m(x) = -6*x**2 + 11*x - 7. Determine m(5).
-102
Let o(k) = -k + 1. What is o(8)?
-7
Let z(f) = -f + 13. Determine z(0).
13
Let i(o) = o + 3. Calculate i(-6).
-3
Let g(l) = -8*l - 7. What is g(-6)?
41
Let d(b) = -b - 30. Give d(0).
-30
Let x(b) = -11*b + 15. Calculate x(2).
-7
Let s(p) = 2*p**2 + 34*p + 16. Determine s(-16).
-16
Let s(l) = l**2 + 6*l - 10. Calculate s(-12).
62
Let y(w) = 2*w**3 + 24*w**2 + 23*w + 18. What is y(-11)?
7
Let h(f) = -f**3 + 4*f**2 + 13*f + 1. Give h(5).
41
Let t(s) = -84*s**2 - 4*s + 2. Give t(1).
-86
Let g(k) = -k**2 + 19*k - 6. Determine g(18).
12
Let f(q) = q**2 - 11*q + 2. Give f(10).
-8
Let o(w) = -w**3 + 11*w**2 - 7*w + 15. Give o(11).
-62
Let n(i) = -i**2 + 18*i + 19. Determine n(18).
19
Let r(z) = z**3 - 6*z**2 - 24*z - 29. Determine r(9).
-2
Let w(u) = -u + 5. Determine w(15).
-10
Let u(x) = x**2 - 24*